 v(m) = 2*m**3 + 32*m**2 - 14*m + 17. Is v(y) composite?
True
Suppose 2*y + 5 - 131 = 0. Let h = y - 69. Is 1*18/(-12)*452/h prime?
True
Suppose -5*b + 551075 = 2*m, -1374*m + 1379*m = -4*b + 1377611. Is m composite?
True
Is 137/274 - 2325/(-2) composite?
False
Let k(p) be the second derivative of p**4/6 - 29*p**3/6 + 23*p**2 - 6*p - 2. Is k(-29) prime?
False
Let a(q) = 49005*q**2 - 786*q - 4677. Is a(-6) prime?
False
Let n be (45 + -7)/((-4)/(-2)). Is (-1)/(1/4713*(n - 22)) composite?
False
Suppose -2*g = -4*c + 830690, 5*c - 409436 = -g + 628916. Is c a composite number?
False
Suppose -3*f + 672245 = -4*p, -3*f + 271*p = 269*p - 672253. Is f a prime number?
False
Let s = 244 + -240. Suppose -w + 30795 = -5*r, -s*w = -r - 121798 - 1458. Is w a prime number?
False
Suppose 3*l - 22 = -4*j + l, -2 = -2*j + 2*l. Suppose -866 = m + 4*u, -j*m + 6*u - 2*u = 3544. Let p = -151 - m. Is p prime?
False
Suppose 3*r + 15 = 3*d, 2*d = -0*d - 2*r - 2. Suppose 7*n - 687 = -m + 2*n, d*m = -4*n + 1386. Is m a composite number?
True
Let r(d) = -d**3 + d + 83. Let i be r(0). Suppose -5*m - 15 = 0, 0 = 6*h - 2*h - m - i. Is 4*(-1)/(h/(-605)) composite?
True
Let z(x) = -420*x**3 - 23*x**2 - 104*x + 9. Is z(-8) prime?
False
Is ((-2)/6)/(-27 - 50168784/(-1858104)) a prime number?
False
Let l(u) = 12*u - 40. Let r be l(3). Is (-3 - 4339/r)*4 prime?
True
Let w = -87725 + 126166. Suppose p - w = -4*n, -21*n + 26*n - 48020 = 5*p. Is n a composite number?
True
Let z(h) = -701*h + 7. Let b(p) = p**3 + 10*p**2 + 13*p + 32. Let y be b(-9). Is z(y) composite?
True
Suppose 11*b - 9*b - 84550 = 3*l, -4 = -l. Is b a composite number?
False
Suppose 0*l + l + x - 2 = 0, -2*x = l. Suppose -l*m + 2*m = 3*g - 20419, -6783 = -g + 4*m. Is g composite?
False
Suppose 25*i - 4983211 - 1537943 - 3979121 = 0. Is i a composite number?
True
Suppose -8*f + 904756 = -4*f - 2880712. Is f composite?
False
Is 15 - (-18 - -41 - 2823037) a prime number?
False
Is (-6524)/8*-10 + (-12 - -4) prime?
True
Let k be 28/4*(14/1 - -1). Let a = -100 + k. Suppose -o + 285 = -2*z, 0 = -a*z + 5 + 5. Is o composite?
True
Let c be 3/(3/(-2)) + (13 - 13). Is (1 - c)*2222/6 composite?
True
Let p(a) = -2*a**3 + 2*a**2 - a + 419. Is p(0) a prime number?
True
Let z(i) = i - 10. Let x be z(9). Let o be 2 + (0/(-4) - x). Suppose 4*r + r - 3*s = 2341, 4*s - 1393 = -o*r. Is r a prime number?
True
Let l be -4 - 20/(-4)*1. Let s be 3 - (l + -3)*8. Suppose 0 = s*n - 15*n - 852. Is n a composite number?
True
Suppose 12*l = 7*l + 4*g + 1081731, -g = -5*l + 1081734. Is l composite?
False
Let t(y) = -y**3 - 24*y**2 - 26*y - 101. Is t(-38) a prime number?
False
Is 0/(-2) - -675227 - (-15 - -287)/(-68) a composite number?
True
Let a(z) = -90*z - 19. Let b be (-1)/4 - ((-11)/(-4))/(-11). Suppose 4*t + 13 + 23 = b. Is a(t) composite?
True
Let x(u) be the third derivative of 23*u**6/720 + u**5/30 + u**4/8 + 14*u**2. Let r(l) be the second derivative of x(l). Is r(9) a composite number?
False
Let m = 13 + 5. Let i(b) = -108*b - 325. Let k be i(-3). Is 9297/m - k/2 a prime number?
False
Let z(r) = -7*r**3 - 3*r**2 + 14*r - 7. Let l be z(5). Let b = 1518 + l. Is b composite?
False
Is -15 - (-9 + -180622) - -1 prime?
True
Let b = 9075 - 2826. Suppose o - b = -1204. Is o a prime number?
False
Suppose -44966 = -3*g + 9*m - 7*m, 0 = -2*g + 6*m + 29954. Suppose -4 + 14 = 5*c. Is 4/(-10*c) - g/(-10) a composite number?
False
Let n(h) = -7*h**2 - 15*h - 21. Let r(q) = -62 - 59*q**2 + 31*q**2 - 21 - 60*q. Let x(v) = -9*n(v) + 2*r(v). Is x(-12) composite?
True
Let r = -3905 - -1940. Let a = r + 4142. Is a a composite number?
True
Is 10/85 + (-3350)/(-425) + 2838 a prime number?
False
Suppose 0 = -2*r - 142930 - 5804. Is (128/(-24) - -5)*r a composite number?
True
Let x be (-41)/(1/(3*(-1)/3)). Suppose 25*d = x*d - 272528. Is d prime?
True
Suppose 4*p = -5*v + 394, 82 = -v + 2*v + 4*p. Let g be (-5)/(-25)*v*80. Let o = g + -635. Is o composite?
False
Let g be (20/(-6))/((-1)/3). Is (-1*g/(-20))/(2/18236) a composite number?
True
Let z(b) = -b**2 + 10*b - 5. Let a be z(9). Let f be 2/a*2904/(-5 + 1). Let d = 1294 - f. Is d a composite number?
False
Let x = 1355 + 16602. Suppose 2*w + 3*w = -2*s + x, 0 = -2*w + 2*s + 7194. Is w a composite number?
False
Let c = -348 + 641. Suppose -5*v + 4656 = -4*k, 87*k + 20 = 82*k. Suppose c = -5*f + v. Is f composite?
False
Suppose 0 = 2*t - 2*k - 2*k + 219484, -4*t = -5*k + 438953. Is t/(-10) + 79/(-395) a prime number?
True
Suppose 83*u - 99*u = 24736. Let l = 5445 + u. Is l a prime number?
False
Is (2 - 829515/20)/(6/(-24)) a composite number?
True
Suppose 54*z - 59*z + 64770 = 0. Suppose -21*b = -15*b - z. Is b prime?
False
Let r = -1510 - -3322. Let x = r + -695. Is x composite?
False
Suppose 6*s = 4*s - 3*y + 936857, -5*s = 4*y - 2342125. Is s prime?
True
Let h be 2/9 - 20/90. Suppose h*n = -5*m + n + 6142, -3*n = -5*m + 6146. Suppose -2*w + m = 2*w. Is w prime?
True
Is (-11926740)/(-180) + 4/(-12)*2 a composite number?
True
Suppose 37 = 43*t + 80. Let g(m) = -53*m + 1 - 59*m - 14*m. Is g(t) prime?
True
Let h(r) = 42*r**2 - 27*r - 71. Let y = 551 - 567. Is h(y) composite?
False
Suppose -947589 = -2*u + n - 205260, 4*u - 1484643 = 5*n. Is u prime?
False
Let a(r) = 15247*r - 7303. Is a(78) composite?
False
Let k = 31 - 30. Let u be (3 - -9)*k/(-1). Is (1/3 - 1) + (-11060)/u prime?
False
Suppose -1272 = -2*h - 5*g, -4*h + 3*g - 127 + 2645 = 0. Let z = 1424 - h. Is z a prime number?
False
Is 4 + (-222)/54 + (-7790692)/(-117) composite?
False
Let d = -205 - -207. Suppose d*p - 13559 = -11*p. Is p composite?
True
Let v(d) = d**2 - d. Let h be v(1). Let o(w) = 269 - w - w**2 + 33 + 141. Is o(h) prime?
True
Suppose -2*h + 7*h - 30 = 0. Suppose -h*m + 4096 = -2*m. Suppose -b + 205 = -m. Is b a composite number?
False
Is 10/(-4)*(-3)/(-5)*(-6398244)/81 prime?
False
Let x(q) = 135414*q - 2167. Is x(9) a composite number?
False
Let z(g) = 25*g**2 + 49*g - 591. Is z(13) composite?
False
Suppose 4011 = -z + 1371. Is -5 - (2 + 0 + z) composite?
False
Let u = 10181 - -276. Let i = u - 6844. Is i a composite number?
False
Suppose 21*x = 58*x - 19*x - 3535902. Is x composite?
False
Suppose 5*i + 10 = -5*q + 60, 5*q - i - 62 = 0. Is 749/14*(-104)/(q/(-3)) composite?
True
Let a = -21 + 29. Let o be (3/9*-14)/((-62)/4371). Suppose a*n = 7*n + o. Is n a prime number?
False
Suppose 42627 = 4*p - 5*c, -5*p = 18*c - 21*c - 53287. Suppose t = 5*x + p, -7*t + 3*t + 3*x = -42649. Is t prime?
True
Suppose -18 = -2*i - 3*f, -4*i + f + 32 = 6*f. Let w be (2/i)/2*15. Suppose 3*j = -5*x + 941, -9 - 318 = -j - w*x. Is j prime?
True
Suppose 2466 = 2*k + 4*x, -4*x = 11*k - 13*k + 2442. Suppose q - k = -2*s, 7*q - 2424 = 5*q + 2*s. Is q a composite number?
False
Suppose -u - 15 + 26 = -r, 5*u + 3*r = 71. Suppose 311818 = u*o - 167167. Is o a prime number?
False
Suppose 27 = i + 2*i + j, -5*i - 2*j + 46 = 0. Suppose -i*m = -16*m + 2848. Let f = 579 - m. Is f a composite number?
False
Let n(m) = -9*m - 22. Let q be n(-3). Suppose -q*v + 3*v + 5654 = -5*b, -4*b = -v + 2827. Is v prime?
False
Suppose 3*i - 12 = -5*w, 3*i - 3 = w - 3*w. Let u be 198/72 + w/(-4). Suppose m = -u, -m = 5*y + 3*m - 2807. Is y a composite number?
False
Suppose -730*u + 745*u - 2412555 = 0. Is u composite?
True
Let h = 5861 + 173342. Is h prime?
True
Let x(z) = z**3 + 12*z**2 + 20*z + 2. Let o be x(-10). Suppose o*h - 8*h = -39342. Is h a prime number?
False
Suppose 92705 - 299980 = -5*u. Let o = -26813 + u. Is o composite?
True
Let a = 160 + -144. Suppose -6*o + a = -2858. Is o a prime number?
True
Let a(b) = -4*b**3 + 15*b + 15. Let l be a(12). Let m = -2058 - l. Is m a composite number?
True
Let s(o) = 88*o + 139. Let m be s(3). Suppose t - 1246 + 202 = 0. Let h = t - m. Is h prime?
True
Let z(w) = w**2 - 12*w - 24. Let p be z(14). Suppose 2*t - 2 = p*k, -k - 5 = -5*t + 3*t. Is 1574/(k + 1 + 0) a prime number?
True
Let x = -52 - -50. Let u be 2 + 2 + x - (-19006)/2. Suppose g - u = -4*g. Is g a prime number?
True
Suppose 4*z - q = -2*z + 567883, -2*q = -10. Suppose -5*c = -z + 23303. Is c a composite number?
True
Suppose 5659 = -15*j + 10*j + 4*a, 0 = -4*j + a - 4525. Let q = 3856 - j. Is q a prime number?
True
Let v be ((-20)/6)/(62/(-255006)). Suppose -2*i - 